Let z be p(-8). Calculate the remainder when 74 is divided by (-8712)/(-231) - z/(-14).
36
Suppose -53*x = -48*x - 15. Suppose 222 + 99 = x*r. What is the remainder when r is divided by 36?
35
Let p(u) = -u**3 + 17*u**2 - 17*u + 39. Let s be p(17). Let r = -37 - s. Calculate the remainder when r is divided by 67.
12
Suppose -10*w = -49*w + 6548 + 35689. What is the remainder when w is divided by 39?
30
Suppose 3*i + 51 = -4*u, -8*i = -u - 4*i + 11. Let s(y) = -16*y - 97. Calculate the remainder when 187 is divided by s(u).
46
Suppose 0 = -48*d + 46*d - 36. Let k(w) = -w**2 - 30*w - 131. What is the remainder when k(d) is divided by 20?
5
Let r(g) = 4*g**3 + 51*g**2 - 28*g - 3. Let v be r(-13). Let c = -81 + v. What is the remainder when 326 is divided by c?
104
Let t(s) = 4*s**2 + 3*s + 2. Suppose 3*q - 5*q - 2*y = -664, 2*y - 999 = -3*q. What is the remainder when q is divided by t(-2)?
11
Let a(s) = 37*s**3 - s**2 + 68*s - 68. Calculate the remainder when 370 is divided by a(1).
10
Calculate the remainder when 359 is divided by (4 + (1 - 0))/(135/81).
2
Suppose -721*l = -661*l - 1140. Calculate the remainder when (-2515)/(-20) + (-1)/(-4) is divided by l.
12
Suppose 65*y - 13 = 52*y. Let l = 435 - 429. What is the remainder when l is divided by y?
0
Let k(q) = 6*q**3 + 2*q**2 + 3. Let x be k(3). Suppose 2*u + 5 - x = 0. Let b = -84 + u. What is the remainder when 6 is divided by b?
1
Let f = 23973 - 23908. What is the remainder when 838 is divided by f?
58
Let a(c) = 39*c - 9. Let d be a(2). Suppose -2*v = -2*q + 17 + 33, -d = -3*q + 5*v. What is the remainder when 446 is divided by q?
26
Suppose -475*q - 42560 = -495*q. Calculate the remainder when q is divided by 162.
22
Suppose 4*h = 0, 24 = 13*b - 11*b - h. Suppose 14*c - 17*c = -12. Suppose 0 = -9*n + c*n + 100. What is the remainder when n is divided by b?
8
Let o(m) = -3*m - 31. Let r(c) = c - 15. Let a be r(-9). What is the remainder when o(a) is divided by 4?
1
Calculate the remainder when 8 - (-8 + -369) - (1 + -6) is divided by 46.
22
Let j = 21123 + -20003. What is the remainder when 3364 is divided by j?
4
Suppose 0 = -2*m - 5*s + 878, -63*s = -m - 64*s + 442. What is the remainder when m is divided by 159?
126
Let v = -5560 - -6532. Calculate the remainder when v is divided by 15.
12
Let g be (-2)/8 - ((-189)/36)/1. Suppose -5*r + 70 = -g*w, -4*r + 47 = w + 4*w. Calculate the remainder when 322 is divided by r.
10
Calculate the remainder when 52 is divided by (4/7)/(25/(-350)*-1).
4
Let o(n) = n**2 - 23*n + 25. Let w(m) = m**2 + 13*m - 1. Suppose 0 = 2*l - 5*h + h + 48, 0 = -3*l - h - 37. What is the remainder when w(l) is divided by o(22)?
1
Let g = -763 - -785. Suppose 5*k - 2*a = 41, -3*k - 4*a + 29 = -3*a. What is the remainder when g is divided by k?
4
Suppose 2*p = -16, -23*d = -25*d + 4*p + 974. Calculate the remainder when d is divided by 467.
4
Suppose -8 - 11 = y + 5*s, -y + 2*s + 9 = 0. Calculate the remainder when 6/2 - (-5)/5 is divided by y.
0
Calculate the remainder when 328*((-132)/(-594) + (-2 - (-59)/18)) is divided by 117.
24
Let p = 98 + -72. Let u = 46 - p. What is the remainder when 45 is divided by u?
5
Suppose -83*f + 4*v + 686 = -81*f, 7*v - 938 = -3*f. Calculate the remainder when f is divided by 259.
70
Let i(c) = 8*c - 14. Calculate the remainder when (342/(-19) + 17)*(-73 - 1) is divided by i(4).
2
Let o(w) = -w**3 + 6*w**2 + 12*w - 26. Calculate the remainder when (-12)/21*1281/(-2) is divided by o(6).
44
Let n be (3 - (-18)/(-3)) + 23. Let a = n + -11. Suppose 0 = 29*r - 25*r - b - 133, 2*r = -4*b + 44. Calculate the remainder when r is divided by a.
5
Let q(v) = 13*v**3 - 51*v**2 - 40*v + 38. What is the remainder when q(6) is divided by 190?
10
Let y(x) = 43*x**2 - 70*x - 98. Calculate the remainder when y(-7) is divided by 211.
178
Let q(l) = -2 + 12 + 2*l**2 + 54 + 10*l - 114*l + 64*l. What is the remainder when q(19) is divided by (14/(-6))/((-2)/6)?
5
Let x(g) = g**3 - 39*g**2 - 478*g + 410. What is the remainder when x(49) is divided by 114?
86
Let j = -29 + 15. Let m = 63 + j. Calculate the remainder when m is divided by 27.
22
Let c = -161 + -124. Let h = c + 406. What is the remainder when h is divided by 26?
17
Let q = -6907 - -6925. What is the remainder when 492 is divided by q?
6
Let t(m) = -m**2 + 18*m - 68. Let j(y) = 20*y - 64. Let n be j(16). Let u be 2/6 + n/24. What is the remainder when 13 is divided by t(u)?
4
Let z = 48 - 36. Let s be 1/(-3) - (-2 + 1846/6). Let d = -213 - s. What is the remainder when d is divided by z?
9
Let c(u) = 42*u**2 + 2*u - 1. Let y be c(1). Suppose 0 = 2*v - 31 - y. What is the remainder when 224/2 - 40/20 is divided by v?
36
Let i be 52/9 + (-16)/(-216)*3. Suppose i*c = -4*c + 270. Calculate the remainder when 89 is divided by c.
8
Suppose 0*s - s + 6 = -5*v, -4*s - 3*v + 1 = 0. Let k(t) = 28*t**2 + t. What is the remainder when k(s) is divided by (16 - 3) + 0 - -2?
14
Let w be ((-1)/(-2))/((-4)/(-1320)). Suppose 4*l = -2*p + 132, 2*l - w = -3*l + 2*p. Let d = 51 - 45. Calculate the remainder when l is divided by d.
3
What is the remainder when -14 + ((-1548330)/(-15))/14 is divided by 18?
15
Let b be (-1 - (2 + -8)) + (26 - 19). Suppose -85 = -2*u - 5*a, -5*u - 11*a + 280 = -b*a. Calculate the remainder when u is divided by 21.
13
Suppose 2*k - 3682 = -5*q, 0 = -41*k + 44*k - 5*q - 5573. Calculate the remainder when k is divided by 18.
15
What is the remainder when (2645/69)/(60/1728) is divided by 17?
16
Let d(o) = 266*o**3 - 1330*o**2 + 7. What is the remainder when 375 is divided by d(5)?
4
Let k(z) = -2*z**2 - 48*z + 6543. Let j = -9 - -21. Calculate the remainder when k(-70) is divided by j.
7
Let b = 24 + 5. Let y = 246 - 162. What is the remainder when y is divided by b?
26
Suppose -57*c + 96381 = -76329. What is the remainder when c is divided by 74?
70
Calculate the remainder when 123 is divided by 16 + (18/(-7))/((-12)/28).
13
Suppose -29168*l + 29165*l + 69 = 0. What is the remainder when 2872 is divided by l?
20
Let k(q) = 18*q**2 - 44*q + 26. Calculate the remainder when 3359 is divided by k(3).
55
Suppose 5*w - 20 = 0, 3*v + v = -3*w + 156. Suppose 21*j = 23*j - 12. Suppose -j*m = -0*m - 846. Calculate the remainder when m is divided by v.
33
Suppose -44*d = -50*d + 330. Suppose -5*h + 5*v + d = 0, 4*h + 2*v - 25 = 49. Calculate the remainder when h is divided by 13.
3
Suppose -1328 + 106 - 11734 = -41*f. Calculate the remainder when f is divided by 123.
70
Let t = -7434 + 7584. What is the remainder when 2396 is divided by t?
146
Calculate the remainder when (7 - 2)*(-483)/(-23) is divided by (141/94)/(2/144*2).
51
Let m(y) = -3*y**2 + y**2 - 35*y - 58*y + 32 + 45*y. What is the remainder when 81 is divided by m(-24)?
17
Let i(l) = -2*l**2 + 78*l - 452. Calculate the remainder when 1144 is divided by i(29).
120
Calculate the remainder when 138/5*(-155 + 160) is divided by 120.
18
Let s = 13134 + -12828. What is the remainder when s is divided by 14?
12
Suppose -4*q = 2*j - 1778, 6*q - j - 1331 = 3*q. Calculate the remainder when q is divided by 81.
39
Suppose 0 = 8*y - 6*y + 24. Let t be (-22)/y + 26/156. Suppose -4*b + 304 = 4*h, b - t*h = 5*b - 296. Calculate the remainder when b is divided by 15.
12
Let r be 1*1/(2/(-830)). Let j = 432 + r. Calculate the remainder when 37 is divided by j.
3
Calculate the remainder when 15/135*(-4 - -2) - (-196792)/72 is divided by 91.
3
Suppose -5*f + 6 = w, 9*f - 5*f + 94 = 3*w. Calculate the remainder when 86 is divided by w.
8
Let n(x) = 3*x**2 - 86*x + 244. What is the remainder when n(34) is divided by 193?
16
Let y(u) = -u**2 - 60*u + 1423. What is the remainder when 443 is divided by y(-77)?
101
Suppose -2*z + 19 = -21. Suppose -16 = -64*d + 60*d. What is the remainder when (1 - 2)*d + 52 is divided by z?
8
Let h = -22031 - -29035. Calculate the remainder when h is divided by 29.
15
Suppose 0*w - 310 = -5*t + 5*w, -312 = -5*t + 3*w. Let s be t/12 - (-9)/12. Calculate the remainder when 1/((-4)/(-6))*92/s is divided by 12.
11
Let b = 255 + -72. Suppose 41 = -4*m - b. Let r = m + 66. Calculate the remainder when 15 is divided by r.
5
Suppose -217*u + 107 = 375 - 3089. Calculate the remainder when 2300 is divided by u.
12
Let p(a) = 40*